hen 20228 is divided by 6718?
74
Calculate the remainder when 1985 is divided by 303.
167
Calculate the remainder when 36860 is divided by 769.
717
What is the remainder when 121777 is divided by 19?
6
What is the remainder when 109196 is divided by 1300?
1296
What is the remainder when 664689 is divided by 1156?
1145
Calculate the remainder when 25216 is divided by 194.
190
What is the remainder when 16995 is divided by 28?
27
What is the remainder when 71332 is divided by 71236?
96
What is the remainder when 405 is divided by 9?
0
Calculate the remainder when 112974 is divided by 10.
4
Calculate the remainder when 3841 is divided by 1273.
22
What is the remainder when 38044 is divided by 19013?
18
What is the remainder when 44572 is divided by 262?
32
What is the remainder when 211984 is divided by 70661?
1
Calculate the remainder when 468 is divided by 26.
0
Calculate the remainder when 762468 is divided by 254152.
12
Calculate the remainder when 3079 is divided by 11.
10
What is the remainder when 31199 is divided by 8?
7
What is the remainder when 2104 is divided by 1933?
171
Calculate the remainder when 49808 is divided by 244.
32
Calculate the remainder when 2460 is divided by 593.
88
Calculate the remainder when 20899 is divided by 3481.
13
What is the remainder when 7901 is divided by 247?
244
What is the remainder when 2888 is divided by 23?
13
What is the remainder when 59658 is divided by 865?
838
What is the remainder when 17583 is divided by 37?
8
Calculate the remainder when 13991 is divided by 1382.
171
Calculate the remainder when 43341 is divided by 107.
6
What is the remainder when 10982 is divided by 1099?
1091
Calculate the remainder when 53591 is divided by 1489.
1476
What is the remainder when 3577 is divided by 485?
182
Calculate the remainder when 4947 is divided by 43.
2
What is the remainder when 3403 is divided by 15?
13
Calculate the remainder when 222651 is divided by 59.
44
What is the remainder when 89916 is divided by 532?
8
What is the remainder when 4844 is divided by 83?
30
What is the remainder when 108619 is divided by 1168?
1163
What is the remainder when 14853 is divided by 1668?
1509
Calculate the remainder when 8014 is divided by 24.
22
Calculate the remainder when 7465 is divided by 28.
17
Calculate the remainder when 3893 is divided by 966.
29
What is the remainder when 72699 is divided by 275?
99
Calculate the remainder when 59462 is divided by 217.
4
Calculate the remainder when 181430 is divided by 7.
4
Calculate the remainder when 35864 is divided by 236.
228
Calculate the remainder when 129530 is divided by 265.
210
What is the remainder when 10799 is divided by 55?
19
Calculate the remainder when 10286 is divided by 10286.
0
What is the remainder when 320740 is divided by 9?
7
Calculate the remainder when 12079 is divided by 756.
739
What is the remainder when 1549 is divided by 17?
2
What is the remainder when 18759 is divided by 2078?
57
Calculate the remainder when 2737 is divided by 2691.
46
What is the remainder when 4170 is divided by 9?
3
What is the remainder when 112227 is divided by 360?
267
What is the remainder when 15643 is divided by 1556?
83
What is the remainder when 3712 is divided by 311?
291
What is the remainder when 118035 is divided by 92?
91
Calculate the remainder when 43908 is divided by 51.
48
What is the remainder when 1771 is divided by 589?
4
What is the remainder when 17184 is divided by 192?
96
Calculate the remainder when 12224 is divided by 176.
80
Calculate the remainder when 186295 is divided by 30.
25
What is the remainder when 17478 is divided by 769?
560
Calculate the remainder when 508588 is divided by 56.
52
What is the remainder when 258940 is divided by 952?
948
What is the remainder when 409889 is divided by 5465?
14
What is the remainder when 48284 is divided by 1071?
89
What is the remainder when 4655 is divided by 404?
211
Calculate the remainder when 21301 is divided by 1751.
289
What is the remainder when 22671 is divided by 218?
217
Calculate the remainder when 38576 is divided by 585.
551
Calculate the remainder when 2667 is divided by 433.
69
What is the remainder when 32466 is divided by 34?
30
Calculate the remainder when 2436 is divided by 215.
71
What is the remainder when 54289 is divided by 115?
9
What is the remainder when 48034 is divided by 199?
75
What is the remainder when 79673 is divided by 225?
23
Calculate the remainder when 15636 is divided by 298.
140
Calculate the remainder when 5096 is divided by 2540.
16
What is the remainder when 770968 is divided by 67?
66
What is the remainder when 14537 is divided by 725?
37
What is the remainder when 72279 is divided by 100?
79
Calculate the remainder when 12204 is divided by 45.
9
Calculate the remainder when 135303 is divided by 2653.
0
Calculate the remainder when 92348 is divided by 1565.
13
What is the remainder when 17116 is divided by 13?
8
What is the remainder when 8030 is divided by 2322?
1064
Calculate the remainder when 17776 is divided by 613.
612
Calculate the remainder when 567 is divided by 43.
8
Calculate the remainder when 1839013 is divided by 15.
13
Calculate the remainder when 46240 is divided by 6605.
5
Calculate the remainder when 19012 is divided by 192.
4
Calculate the remainder when 562582 is divided by 24.
22
Calculate the remainder when 92210 is divided by 423.
419
Calculate the remainder when 64428 is divided by 12883.
13
What is the remainder when 115652 is divided by 7228?
4
What is the remainder when 13733 is divided by 2739?
38
Calculate the remainder when 1384 is divided by 86.
8
Calculate the remainder when 184319 is divided by 256.
255
Calculate the remainder when 17644 is divided by 1338.
250
What is the remainder when 104144 is divided by 63?
5
Calculate the remainder when 7294 is divided by 44.
34
Calculate the remainder when 3789 is divided by 8.
5
Calculate the remainder when 23699 is divided by 2962.
3
What is the remainder when 39934 is divided by 849?
31
Calculate the remainder when 12213 is divided by 1151.
703
What is the remainder when 7690 is divided by 7246?
444
Calculate the remainder when 21502 is divided by 1265.
1262
Calculate the remainder when 1521326 is divided by 573.
11
Calculate the remainder when 32784 is divided by 75.
9
Calculate the remainder when 14535 is divided by 170.
85
Calculate the remainder when 44601 is divided by 3455.
3141
Calculate the remainder when 87421 is divided by 16.
13
Calculate the remainder when 16392 is divided by 7416.
1560
What is the remainder when 4595 is divided by 100?
95
Calculate the remainder when 27223 is divided by 41.
40
Calculate the remainder when 118 is divided by 92.
26
What is the remainder when 53698 is divided by 410?
398
What is the remainder when 280499 is divided by 17?
16
What is the remainder when 2256 is divided by 10?
6
What is the remainder when 5427 is divided by 302?
293
Calculate the remainder when 99176 is divided by 190.
186
Calculate the remainder when 11560 is divided by 43.
36
What is the remainder when 24925 is divided by 24918?
7
Calculate the remainder when 111791 is divided by 11.
9
What is the remainder when 8872 is divided by 165?
127
Calculate the remainder when 12843 is divided by 3208.
11
Calculate the remainder when 1663 is divided by 798.
67
What is the remainder when 155046 is divided by 886?
882
What is the remainder when 47558 is divided by 506?
500
Calculate the remainder when 21864 is divided by 2732.
8
Calculate the remainder when 2270 is divided by 547.
82
What is the remainder when 18802 is divided by 9355?
92
What is the remainder when 36392 is divided by 9098?
0
Calculate the remainder when 1283 is divided by 540.
203
What is the remainder when 39373 is divided by 20?
13
What is the remainder when 539273 is divided by 107?
100
What is the remainder when 4754 is divided by 4515?
239
What is the remainder when 4890 is divided by 175?
165
What is the remainder when 17623 is divided by 8799?
25
What is the remainder when 934 is divided by 125?
59
What is the remainder when 23088 is divided by 532?
212
What is the remainder when 7155 is divided by 484?
379
Calculate the remainder when 7909718 is divided by 56.
54
What is the remainder when 213563 